= -4*o - 9, 3*o = 5*b - 35. Suppose 0 = 4*v - 8, -39*v - 382 = -2*q - 44*v. What are the prime factors of (o/(-15))/(4/q)?
31
Suppose -w + q = -11, -2*q - 41 = -5*w - 1. What are the prime factors of 12/(-8) - (-189)/w?
2, 3, 5
Suppose -5*q + 5 = y, 4 = 2*y - 2*q - 6. Suppose 2*x = -y*x + 1050. List the prime factors of x/2 + 12/(-3).
71
Suppose -70 = -4*f + 58. Let s(o) = 6*o + 1. Let a be s(12). Let r = a - f. List the prime factors of r.
41
Let k be -6 - (6 - 0)/(-3). Let v(c) = 11*c - 9. Let z(s) = s. Let w(x) = k*z(x) + v(x). List the prime factors of w(6).
3, 11
Let n(v) = 263*v + 189. List the prime factors of n(7).
2, 5, 7, 29
Let a(o) = -48*o**3 + 2*o**2 - o - 2. Suppose 2*w + 2 = 3*x, -5*w + 0*x - 3*x = -37. Suppose -4*m - w = -1. List the prime factors of a(m).
7
Suppose 18 = 2*m + 5*i, 3*i - 23 = 3*m - 2*i. Let n be (2/4 + m)*12. Let v = n + 9. What are the prime factors of v?
3
Let z(d) = -20*d**3 - d. Let n(r) = -r**3 - 6*r**2 - 5*r - 1. Let k be n(-5). Let f be z(k). Suppose 5*j - 79 = f. What are the prime factors of j?
2, 5
Let i(l) = -5*l + 148. List the prime factors of i(-22).
2, 3, 43
Let i(t) be the first derivative of 6*t**2 - 5. Let o be i(6). Suppose 3*j + j = o. What are the prime factors of j?
2, 3
Let v(s) = -37*s + 232. List the prime factors of v(6).
2, 5
List the prime factors of 1630*((-144)/480 + 4/5).
5, 163
What are the prime factors of 2 - ((-36)/(-234) + (-6918)/13)?
2, 3, 89
Let v(i) = 19*i**2 - 2*i + 5. What are the prime factors of v(-6)?
701
Let v = -1 - 5. List the prime factors of -3 - -2 - v - -3.
2
Let i be (-58)/6 - (3 - (-16)/(-6)). Let y(u) = -3*u**2 - 8*u + 2*u**2 - 4 - 3*u. List the prime factors of y(i).
2, 3
Let k(b) = 108*b - 25. What are the prime factors of k(6)?
7, 89
Let u be 0/4 + 7 + -4. Suppose -u*p + 27 = -0. List the prime factors of p.
3
Suppose 0 = -5*n + 15, -5*t - 2*n - 2*n + 622 = 0. Suppose -3*k = -t - 229. List the prime factors of k.
3, 13
Let g(j) = j**3 + 22*j**2 + 22*j + 19. List the prime factors of g(-7).
2, 3, 5
Let d = 205 - 82. List the prime factors of d.
3, 41
Suppose 14*p = -4*m + 10*p + 15584, 2*m - 7786 = -4*p. List the prime factors of m.
7, 557
Let j(v) = -2*v - 17. Let o be j(-10). Suppose -2*d - 2*l + 4*l = -72, 0 = d - o*l - 34. List the prime factors of d.
37
Let p(i) = i**3 + 7*i**2 + 4*i - 11. Let s be p(-5). Let x(j) = -j**3 + 18*j**2 + 25*j + 32. What are the prime factors of x(s)?
2, 73
Let r(z) = -5*z**2 - 5*z. Let d(i) = 11*i**2 + 9*i + 1. Let c(q) = -4*d(q) - 9*r(q). List the prime factors of c(6).
2, 43
List the prime factors of (-1887)/(-15) + -2 + 2/10.
2, 31
Let n(i) = -i**3 + 34*i**2 - 11*i - 104. List the prime factors of n(33).
2, 311
Let b be (7/(-3) - -3) + (-39)/(-9). Suppose -3*h + 7 = 2*w, 3*w - 12 = -0*h - 5*h. Suppose 4 + 1 = b*m, 0 = -h*u + m + 92. What are the prime factors of u?
31
Suppose -a - 22 = -5*z, -z + 14 = -5*a - 0*a. Let d(u) = u**3 + 3*u**2 + 2*u + 2. Let o be d(a). Suppose 0 = -o*l + 7*l - 80. What are the prime factors of l?
2
Suppose -2 = -x + 8. What are the prime factors of 404/x - (-15)/25?
41
Let g(a) = 6*a - 21. Let s(r) = -r - 42. Let t(q) = -q - 21. Let w(p) = -6*s(p) + 11*t(p). Let j(v) = 2*g(v) + 3*w(v). What are the prime factors of j(-6)?
3, 13
Suppose -3474 = -3*v - w + 336, -6351 = -5*v - 2*w. What are the prime factors of v?
3, 47
Let k = 559 - -322. List the prime factors of k.
881
Let l(u) be the third derivative of 11*u**4/24 - 2*u**3/3 - 22*u**2. Let p(v) = -v**3 + v + 3. Let b be p(0). What are the prime factors of l(b)?
29
Let h(g) = -5*g**3 - 3*g**2. Let d be (-8 - -2) + 4/1. Let k be h(d). Suppose 2*i + n - 4*n = k, -2*n - 8 = 0. What are the prime factors of i?
2
Let b be -5*((-11)/5 - -3). List the prime factors of b/((4 - 6) + 27/14).
2, 7
Suppose 31*q - 684 = 1641. List the prime factors of q.
3, 5
Suppose -12 = -n - 3*y, 3*n - 4*y - 7 = 29. Let f = -9 + n. Suppose -l = -2*j + 41 + 12, 5*l + 62 = f*j. List the prime factors of j.
29
Let k(i) = 2*i - 10. Let g be k(12). Suppose -g = -2*o - 4. Suppose -106 = -o*j + t, 2*t + 107 = 2*j + 3*j. What are the prime factors of j?
3, 7
Let n(y) = 35*y + 4. Let t(h) = -12*h - 1. Let l(o) = -6*n(o) - 17*t(o). Let b be l(-11). Let f = b + -40. What are the prime factors of f?
19
What are the prime factors of (((-5992)/6)/2)/((-24)/36)?
7, 107
Let w = -112 + 159. Let y be (-2)/5 + (-143)/5. Let m = y + w. What are the prime factors of m?
2, 3
Suppose 0 = -26*l + 9*l + 20536. List the prime factors of l.
2, 151
Suppose 6*t = y + 3*t - 68, 0 = 5*y - 4*t - 296. Let j = -25 + y. What are the prime factors of j?
31
Let l(u) = 15*u**2 + 4. Let d be l(-3). Suppose 0 = t + v - 104, 5 - d = -t + 5*v. List the prime factors of t.
109
Let p(j) = -j**3 - 318. Let g be p(0). Let x = 489 + g. Suppose -4*y = -5*c - x, -4*c - 129 = -5*y + 2*y. List the prime factors of y.
3, 13
Suppose 7*i = -11 + 186. What are the prime factors of i?
5
Suppose 26*x - 12845 = 11179. List the prime factors of x.
2, 3, 7, 11
Suppose -21 - 7 = -2*q + 5*x, 4*q - 12 = -x. Suppose 0*m + q*f = -4*m + 696, 2*m + f = 343. List the prime factors of m.
13
Let i(c) = -c**2 - 7*c + 3. Let x be i(-7). Let p be 1 + x + 2/(-2). Suppose -p*o + 5*b + 0*b = -23, 4*b - 63 = -5*o. What are the prime factors of o?
11
Suppose 3*g - 239 - 247 = 0. List the prime factors of g.
2, 3
Suppose 0 = -4*a - 3*x - 61, -5*a - x = 4*x + 80. Let d = -10 - a. Suppose -o = 3*q - 108, 5*q - q - d*o - 144 = 0. What are the prime factors of q?
2, 3
Suppose -3*b + 877 + 1679 = 3*l, -3*l - 2*b = -2551. List the prime factors of l.
7, 11
Let v = -20 + 32. Suppose 0 = 3*o - 3*z - 31 + 7, 0 = 2*o + 5*z + v. Suppose -3*t - t = -4*d - 60, 5*t - o*d = 78. List the prime factors of t.
2, 3
Let w = -26 + 38. Let x = w + 13. List the prime factors of x.
5
Suppose -3 = -3*p - 5*c - 17, 0 = 4*c + 4. Let k(m) = -6*m**3 - m**2. What are the prime factors of k(p)?
3, 17
Let h = 2296 - 634. List the prime factors of h.
2, 3, 277
Suppose 13*q = 10*q + 621. Suppose 318 = 3*a - 2*r, -a + 3*r + q = a. List the prime factors of a.
2, 3
Suppose -9 = -3*h + 2*i + 1097, -5*h = -5*i - 1840. What are the prime factors of h?
2, 5, 37
Suppose -5*x + 6265 = -u + 1410, -3*x - 3*u + 2895 = 0. List the prime factors of x.
2, 5, 97
Let n(a) = a. Let v(h) = 3*h**2 + 52*h + 22. Let w(j) = -3*n(j) + v(j). List the prime factors of w(-16).
2, 3
Suppose 1487 = 8*g - 313. List the prime factors of g.
3, 5
Suppose -3*l - l + 7 = w, 0 = 4*w + 4. Suppose -2*v = 3*v - 4*x - 895, v = -l*x + 179. What are the prime factors of v?
179
Let d = 19 - 14. Suppose 17 = -5*q - 4*b, -5*q - 2*b - 6 = d. List the prime factors of q/(-3 + (-80)/(-28)).
7
Let y(w) be the first derivative of -9*w**2/2 + 26*w - 8. What are the prime factors of y(-10)?
2, 29
Suppose 1867 = 4*u - 453. What are the prime factors of u?
2, 5, 29
Let i(v) be the second derivative of -v**5/20 + 7*v**4/12 + 7*v**3/6 + 3*v**2 + 2*v. Let x be i(8). List the prime factors of -12*x*4/16.
2, 3
Suppose 0 = d + d - 2. Let t be 2*((-29)/2 + d). List the prime factors of ((-9)/t)/(1/105).
5, 7
Let y = -2 - -12. Suppose -5*n = 3*c - 6, 5*n + y = 5*c + 3*n. What are the prime factors of c?
2
Suppose 40989 = 29*t - 16576. List the prime factors of t.
5, 397
Suppose 25*r = 5*r + 16060. List the prime factors of r.
11, 73
Let b = 46 + -76. Let k = b - -35. What are the prime factors of k?
5
Suppose -66222 - 47178 = -30*q. List the prime factors of q.
2, 3, 5, 7
Suppose -98*q + 102*q + 4*g = 6112, -3*q + 4577 = -4*g. List the prime factors of q.
3, 509
Suppose 5*u + 8 = 3*w, -5*w + 3*u = -2 - 6. Let t(v) = 41*v**3 + v**2. Let h be t(w). Suppose 48 + h = 6*p. What are the prime factors of p?
3, 5
Suppose -m - 47 + 50 = 0. Let j(k) = k**3 + 3*k**2 + k. What are the prime factors of j(m)?
3, 19
Suppose 0 = 27*o - 17*o - 17310. List the prime factors of o.
3, 577
Suppose 0 = -12*k + 16*k - 7340. What are the prime factors of k?
5, 367
Let j be 6/(-10) - (-2065)/25. Let u = j - 37. List the prime factors of u.
3, 5
Suppose 0 = 4*m + 2 + 2. Let p = m + 6. Suppose 2*a + 83 - 31 = p*v, -2*v = 4*a - 16. List the prime factors of v.
2, 5
Let n be (-48)/(-21) - 6/21. Let f be ((-135)/20)/(n/(-24)). Suppose -40*z + 43*z - f = 0. What 